 b?
3
Let x(b) = -3*b**3 - 307*b**2 - 105*b - 291. Let k be x(-102). Let q(r) = 75*r. Let n be q(2). Suppose -k*g - n = -20*g. What is the tens digit of g?
3
Suppose 35*v - 79925 = 94095. What is the thousands digit of v?
4
Suppose 4*p + 5*n = 800, 5*n - 200 = -6*p + 5*p. Suppose -u + p = 45. What is the hundreds digit of u?
1
Let k(v) be the third derivative of v**5/12 - 17*v**4/24 + 5*v**3/3 + 59*v**2. What is the tens digit of k(9)?
6
Let v(q) = -32*q - 5. Let k = -18 - -14. Let f(r) = -63*r - 11. Let b(g) = k*f(g) + 9*v(g). What is the units digit of b(-1)?
5
Suppose 0 = 3*i + r - 8, 4*i + 5*r - 18 = -0*r. Suppose -4*a + 4 = -i*a. Suppose -a*o = -2 - 14. What is the units digit of o?
8
Let u = -21605 - -43501. What is the thousands digit of u?
1
Let o(q) = 3*q + 17. Let r be ((-3)/2)/(54/180). Let d be o(r). What is the hundreds digit of 36/24 + 313/d?
1
Suppose 1 = -2*y - 3*o + 17, 0 = -4*y - 3*o + 20. Suppose -2*i = -f - 8, y*f = -i + 2 - 8. Let w = i - -145. What is the tens digit of w?
4
Let s be (45/30)/((-6)/(-16)). Let f be s/(-14) + (-48)/(-21). What is the units digit of 52 + -3 + (3 - f)?
0
Suppose 0 = -2*y - 3*d + 12 - 1, d = 1. Suppose 2*n = y*o - 322, -2*o = -4*n - 0*n - 146. What is the units digit of o?
3
Let j(l) = 206*l - 159. Let c be j(7). Let m = c - 17. What is the tens digit of m?
6
Suppose 3*v = -s - 28, -4*s - 5 = 11. What is the hundreds digit of 329 - ((-12)/5 - v/20)?
3
Let h(t) = 896*t + 855. What is the ten thousands digit of h(14)?
1
Let h be 6/24 + 2/((-24)/(-1233)). Let m = h + -46. What is the units digit of m?
7
Let y(p) = 3*p + 1. Let q be y(5). Let z(i) be the third derivative of i**4/12 + 7*i**3/2 + 1210*i**2. What is the units digit of z(q)?
3
What is the thousands digit of -7350*((-3)/(-28))/(21/(-168))?
6
Let t(a) = -1 + 2 + 0 + a + 9*a. Let w be t(3). Suppose 119 = w*b - 30*b. What is the tens digit of b?
1
Suppose 4*y + 11*x - 2043 = 8*x, 2 = 2*x. Let s = 806 - y. What is the tens digit of s?
9
Let p = -6432 + 13020. What is the units digit of p?
8
Let p(x) = 2*x**3 - 11*x**2 - 17*x + 6. Let o be p(-5). Let k = 657 + o. What is the units digit of k?
3
Let l = -8984 - -12699. What is the units digit of l?
5
Let y(q) = 3541*q**2 + 53*q - 172. What is the hundreds digit of y(3)?
8
Let x = -708 + 4077. Suppose -1125 = 4*t - x. What is the tens digit of t?
6
Suppose -3*x - 1157 = -j, 0 = -4*j + 3 - 7. Let d = 931 + x. What is the hundreds digit of d?
5
Let x be -1 - (-187 - (-2)/2). Let m = x + -127. Let a = 103 - m. What is the units digit of a?
5
Suppose 2*s = u + 8215 + 5294, 0 = -4*s - u + 27027. What is the hundreds digit of s?
7
Let u(f) = -5*f + 120. Let v be u(22). Suppose 0 = -v*t - 469 + 7449. What is the units digit of t?
8
Let s(i) = i**2 + 8*i - 115. Suppose -14*z + 20*z + 150 = 0. What is the units digit of s(z)?
0
Suppose -5*f + 4*l = -66251, 3277*l = 5*f + 3275*l - 66243. What is the hundreds digit of f?
2
Suppose -4*t = 3*w - 62071, -25*t - 4*w = -24*t - 15534. What is the ten thousands digit of t?
1
Let g = 6668 - 4629. What is the units digit of g?
9
Let i(o) = -63*o + 94. Let j be i(6). Let r = j + 509. What is the tens digit of r?
2
Suppose 17*u + 85*u - 697374 = 0. What is the thousands digit of u?
6
Let l(a) = a**2 + 4*a - 5. Let u = 30 + -35. Let q be l(u). Suppose 0 = -4*v + 2*p + 114, 5*v - 5*p = -q*v + 145. What is the units digit of v?
8
Suppose -265*g + 268*g - 12860 = -k, -2*g + 38538 = 3*k. What is the units digit of k?
2
Suppose -3*h + 5*y + 26916 - 429 = 0, 5*h = -3*y + 44145. What is the units digit of h?
9
Let r be 9 + (6 - 7) - (5 - 0). Suppose -445 = -k - r*z, -4*k - z + 1845 = -2*z. What is the units digit of k?
0
What is the tens digit of (38/2)/(((-1738)/(-34408))/79)?
1
Let y(i) = 7*i**2 - 8*i + 18*i + 3 - 113*i**3 + 114*i**3. Let k be y(-5). What is the tens digit of 17*5 - k/15*0?
8
Let r = 500 - 495. Suppose 5*o = 3*x + 5780, r*o - x - 3468 = 2*o. What is the hundreds digit of o?
1
Suppose 0 = 2*h - h - 185. Suppose 5*o + 507 = 2*i, -i + 205 + 200 = -4*o. Let r = o + h. What is the tens digit of r?
8
Let g(k) = -k**2 - 8*k - 2. Let l be g(-1). What is the tens digit of -162*((-10)/45)/(l/75)?
4
Suppose i + 5*n - 31 = 0, -4*i - i = -n - 25. Let p be (i/8)/(((-7)/(-24))/(-7)). Let t = 12 - p. What is the units digit of t?
0
What is the units digit of (-1045875)/(-275) + (-1 - (-18)/22)?
3
Let h be -5 - ((-128)/6 + (-56)/(-42)). Suppose -h*m - 4056 = -21*m. What is the units digit of m?
6
Let h = -213 + 273. What is the tens digit of (13840/h)/((-2)/(-3))?
4
Let v = -3194 + 1722. What is the units digit of v/(-6) - 34/(-51)?
6
Let p(u) = 24*u + 53. Let t be p(-2). Suppose 3*r - 1807 = t*x, -x + 4*x = -2*r + 1192. What is the units digit of r?
9
Let x(f) = 5*f**3 - 13*f**2 + 38*f - 8. Let v = 574 + -568. What is the tens digit of x(v)?
3
Suppose -48 = -3*i + 9*i. Let j be ((42/i)/((-3)/84))/1. Suppose a + 2*a - j = 0. What is the units digit of a?
9
Let n be (189/(-18))/((-1)/6). Let h = n + -55. Let t(d) = d**2 + 4*d + 4. What is the tens digit of t(h)?
0
Let f(q) = -3*q + 16. Let j be f(8). Let d be 1254/9 - j/(-36)*-3. Let l = d - -143. What is the tens digit of l?
8
Let k(b) = -b**3 - 10*b**2 - 13*b. Let x be 4/14 - (3 + 37/7). Let c be k(x). What is the hundreds digit of 16445/138 - -2*2/c?
1
Suppose 2*t + t = -3*h + 312, h - 2*t - 113 = 0. Let s(v) = -v**2 - v + 2. Let x be s(-2). Suppose 40*j - 41*j + h = x. What is the hundreds digit of j?
1
Let a be 1407/(-84) - 3/(-4). Let q be -1*(4 - 1) + a/(-4). What is the tens digit of 30/50 - q/(15/(-606))?
4
Let r be (-4)/((-20)/15) - 1. Suppose -3*m + 803 = -r*m + 3*x, 4*m = -3*x + 3230. What is the hundreds digit of m?
8
Let l = 1100 - 1908. What is the tens digit of 101/l + (-7961)/(-8)?
9
Let s be (194*1)/(13/(-130)*5). Let i = -209 - s. What is the hundreds digit of i?
1
Suppose -66*d + 140*d = 76960. What is the thousands digit of d?
1
Suppose 810*x - 822*x = -27672. What is the thousands digit of x?
2
Let j(p) = 15*p + 165. Let o be j(-11). Suppose -a - i + 508 = 0, o = -0*i + 2*i - 6. What is the units digit of a?
5
Let o(d) = -3*d + 2. Let y be o(-1). Suppose -y*v + 5*c = -5, 0*v + v + 3*c = 17. Suppose 3*q - v*q + 37 = -l, 0 = 4*l + 20. What is the tens digit of q?
1
Let z(c) = -771*c + 93. Let r be z(-7). Suppose 3354 = 22*q - r. What is the hundreds digit of q?
4
Suppose -13984 = -5*y + 8056. What is the tens digit of y?
0
Suppose 5*h - 37326 = 3*f + 48271, 5 = 5*f. What is the tens digit of h?
2
Let p(d) = d**3 - 29*d**2 - 40*d - 74. Let u = -656 + 687. What is the units digit of p(u)?
8
Let p = 311 - 308. Suppose -8*i + p*i + 1070 = 0. What is the hundreds digit of i?
2
Suppose 16 = 4*t, -3*b = b - 2*t - 804. Suppose -204*x = -b*x - 262. What is the units digit of x?
2
Let i be (-3)/(-10) + 368004/520. Let k = -88 + i. What is the units digit of k?
0
Let a = -358 - -511. Let j = a - 107. Suppose n = 2, 5*u - 3*n = j + 18. What is the tens digit of u?
1
Let v = 33877 - 3078. What is the thousands digit of v?
0
Suppose 37*t - 218783 = -64271. What is the hundreds digit of t?
1
Let l = -1361 - -2253. What is the units digit of l/(-6)*12/(-8)?
3
Let d be ((-108)/14)/(6/(-112)). What is the hundreds digit of (d/28)/(2/1484*4)?
9
Let z = 47 - 45. Suppose -4 = 2*c + z. What is the tens digit of -2 + 0/c + 1 + 69?
6
Let l(o) be the second derivative of 5/2*o**3 + o - 31/2*o**2 - 3. What is the tens digit of l(18)?
3
Let i(y) = -7*y + 19. Suppose -v = 3, -j - 3*j - 57 = -v. Let x be 3 + 50/j + 52/(-6). What is the tens digit of i(x)?
8
Let n(b) = 212*b + 14. Let v(y) = 212*y + 14. Let r(j) = 3*n(j) - 4*v(j). What is the units digit of r(-1)?
8
What is the units digit of ((-7)/(-20) - (-1)/4)/((-1)/(-36020))?
2
Let r(n) = -2*n**2 - 16*n - 8. Let v be r(-8). What is the hundreds digit of (4744/v)/(-1 - 0)?
5
Let t(n) = 122*n**2 - 589*n + 13. What is the hundreds digit of t(6)?
8
Let k = 758 - 1324. Let i = -11 - k. What is the hundreds digit of i?
5
Let v = -43 + 35. Let b be -2922 - (v/20 - (-16)/(-10)). What is the units digit of b/(-34) + (-6)/(-51)?
6
Suppose h = 2 - 0, -626 = -4*s + 5*h. Let t = s - -41. Suppose -t - 165 = -5*k. What is the units digit of k?
3
Let r(o) = o**3 + 10*o**2 + 2*o + 11. Let